hat is l(-17)?
-15
Let z(i) = -i**3 + 23*i**2 + 110*i - 40. Determine z(27).
14
Let w(o) = 2*o**3 - 8*o**2 + o + 11. What is w(3)?
-4
Let v(b) = 2*b**3 + 44*b**2 + 37*b - 118. Calculate v(-21).
-13
Let s(r) = 444*r - 10208. Give s(23).
4
Let p(m) = -3*m**2 + 86*m - 113. What is p(22)?
327
Let k(l) = l**3 - 3*l**2 - 3*l + 37. Determine k(6).
127
Let p(o) = -2*o**3 - 18*o**2 + 2072*o - 10. What is p(-37)?
-10
Let r(c) = -c**3 - 33*c**2 + 35*c - 17. Calculate r(-34).
-51
Let z(m) = 6*m + 132. Calculate z(-5).
102
Let d(y) = y**3 - 16*y**2 - 72*y + 354. Determine d(-6).
-6
Let t(c) = 2167*c - 229707. Give t(106).
-5
Let w(q) = 383*q**2 - 71622*q + 191. Give w(187).
4
Let j(q) = q**3 - 10*q**2 + 2*q + 41. What is j(3)?
-16
Let t(i) = -i**2 + 1694*i - 10105. What is t(6)?
23
Let s(m) = m**3 - 4*m**2 - 73*m + 37. Determine s(-7).
9
Let h(m) = 2*m**3 + 13*m**2 - 40*m - 196. Give h(-6).
80
Let w(p) = p**3 - 7*p**2 + 21*p + 28. Calculate w(8).
260
Let b(p) = p**3 + 17*p**2 - 17*p - 320. Give b(-12).
604
Let h(u) = -3*u**3 - 231*u**2 + 251*u + 1318. What is h(-78)?
-8
Let a(v) = 2*v**2 + 122*v + 825. What is a(-54)?
69
Let b(l) = 7*l + 314. Calculate b(-54).
-64
Let m(c) = 240*c**2 + 2647*c + 69. Calculate m(-11).
-8
Let a(c) = -3*c**2 + 350*c - 8708. Calculate a(36).
4
Let w(j) = -j**3 - 2*j**2 + 10*j - 3. Calculate w(-7).
172
Let b(j) = -2*j**3 - 18*j**2 + 47*j + 19. Calculate b(-11).
-14
Let j(r) = -45*r**2 - 3337*r - 521. What is j(-74)?
-3
Let w(m) = -m**3 - 25*m**2 + 24*m - 34. What is w(-26)?
18
Let n(y) = -y**2 - 23*y + 1089. What is n(-46)?
31
Let b(j) = 104*j + 3442. Determine b(-33).
10
Let q(g) = -20*g + 538. Give q(25).
38
Let z(l) = 5*l - 311. Give z(34).
-141
Let j(p) = -3*p**3 + 15*p**2 - 28*p - 17. Determine j(7).
-507
Let i(c) = 80*c - 913. Give i(11).
-33
Let j(a) = -a**3 - 11*a**2 + 22*a + 237. What is j(-11)?
-5
Let p(r) = -3*r**3 + 46*r**2 - 10*r - 106. Determine p(15).
-31
Let p(w) = 2*w**3 - 3*w**2 + 145*w + 294. Give p(-2).
-24
Let g(o) = -7*o**3 - o**2 + 12*o + 20. Determine g(-2).
48
Let b(d) = -d**2 + 9*d + 91. Give b(7).
105
Let m(g) = -7*g - 12. Give m(3).
-33
Let y(k) = k**3 + 7*k**2 - 143*k - 1040. What is y(-7)?
-39
Let w(d) = 2*d**2 + 13*d - 259. What is w(8)?
-27
Let y(q) = -q**2 - 10*q + 255. What is y(-22)?
-9
Let c(n) = -2*n**2 + 90*n + 1227. Calculate c(56).
-5
Let s(w) = -w**3 + 116*w**2 + 367*w - 1192. Calculate s(119).
-2
Let r(d) = -11*d + 440. Give r(39).
11
Let s(g) = 2*g**3 + 117*g**2 - 76*g - 1001. Calculate s(-59).
2
Let i(m) = 2*m**2 + 2*m - 25. Calculate i(-4).
-1
Let z(s) = 23633*s + 401756. Calculate z(-17).
-5
Let g(l) = -l**3 - 21*l**2 + 127*l + 12. Give g(-25).
-663
Let z(f) = -52*f**3 - 19*f**2 - 46*f - 5. Give z(-2).
427
Let s(n) = -13*n**3 + 60*n**2 - 2*n - 3. Determine s(5).
-138
Let f(l) = l**3 + 2*l**2 - 8*l + 119. Determine f(0).
119
Let k(l) = -2*l**3 + 63*l**2 - 75*l - 97. Calculate k(30).
353
Let m(w) = -w**3 - 12*w**2 + 33*w + 33. What is m(-14)?
-37
Let n(a) = -a**3 - 5*a**2 + 84*a + 481. Give n(-7).
-9
Let q(o) = o**2 - 96*o + 2183. Determine q(48).
-121
Let u(d) = -d**2 + 44*d + 131. Give u(47).
-10
Let j(u) = -54*u - 650. Determine j(-10).
-110
Let s(r) = r**3 - 9*r**2 - 620*r + 4439. Determine s(7).
1
Let z(w) = -w**2 - 7*w + 18. Give z(-4).
30
Let s(o) = -o**3 - 33*o**2 - 35*o - 115. Give s(-32).
-19
Let h(t) = -t - 31. Determine h(-24).
-7
Let q(o) = -1533*o + 88886. What is q(58)?
-28
Let f(k) = -6*k**2 - 22*k + 38. Give f(2).
-30
Let n(h) = 2*h**2 - 68*h + 746. Calculate n(11).
240
Let k(f) = -4*f**2 + 196*f - 10. Calculate k(49).
-10
Let u(i) = 19*i - 17. What is u(-8)?
-169
Let c(r) = -2*r**3 - 10*r**2 + 1274*r + 6373. Calculate c(-5).
3
Let b(j) = -77*j - 314. Calculate b(-4).
-6
Let o(r) = r**3 - 7*r**2 - 14*r - 5. Determine o(6).
-125
Let z(a) = -a**3 + 2*a**2 - 17. Determine z(4).
-49
Let t(g) = -14*g**2 - 21*g + 28. Calculate t(-2).
14
Let w(p) = 2*p**3 - 40*p**2 - 56*p + 241. What is w(21)?
-53
Let s(g) = -9*g - 32. Determine s(21).
-221
Let n(v) = 57*v + 3626. Calculate n(-63).
35
Let s(w) = 36*w - 1240. Give s(35).
20
Let f(x) = -6*x**2 - 27*x - 26. Calculate f(-1).
-5
Let q(v) = -129*v**2 + 4646*v - 72. Determine q(36).
0
Let c(a) = 30*a + 453. Calculate c(-15).
3
Let o(i) = -2*i**3 + 75*i**2 + 40*i - 97. What is o(38)?
-21
Let p(m) = m**2 - 40*m + 226. What is p(32)?
-30
Let j(t) = -407*t - 11036. What is j(-27)?
-47
Let g(u) = 144*u - 1046. Determine g(7).
-38
Let n(z) = 25535*z + 178749. Calculate n(-7).
4
Let f(k) = -3*k + 157. Give f(-57).
328
Let l(x) = -188*x + 6203. What is l(33)?
-1
Let q(j) = 17*j + 383. Give q(-26).
-59
Let n(q) = -53*q**2 - 320*q - 4. Determine n(-6).
8
Let z(k) = -11*k**2 + 183*k + 22. Determine z(17).
-46
Let q(u) = 423*u + 725. Give q(-2).
-121
Let q(g) = 3*g**3 + 20*g**2 + 11*g - 11. Determine q(-6).
-5
Let d(h) = -93*h + 1030. Determine d(11).
7
Let f(l) = l**3 - 41*l**2 - 45*l - 65. Calculate f(42).
-191
Let x(r) = r**2 + 47*r - 126. Determine x(-48).
-78
Let f(r) = -r**2 + 32*r - 202. What is f(9)?
5
Let q(n) = n**2 + n - 78. Determine q(-12).
54
Let u(q) = 37*q**2 + 4*q - 11. Give u(2).
145
Let j(w) = -2*w**3 + 3*w**2 - 3. Give j(2).
-7
Let l(p) = 20*p + 236. Calculate l(-21).
-184
Let x(r) = -17*r**3 + 22*r**2 + 71*r + 63. Calculate x(-2).
145
Let p(a) = -173*a - 681. Determine p(-4).
11
Let f(z) = -10*z**2 + 76*z - 111. Give f(6).
-15
Let f(i) = -124*i + 1115. Give f(9).
-1
Let j(x) = -12*x + 161. Determine j(13).
5
Let v(z) = 62*z - 3484. Give v(56).
-12
Let l(y) = 26*y**3 - 6*y**2 + 10*y. Give l(1).
30
Let g(l) = -183*l + 939. What is g(5)?
24
Let l(b) = -b**2 + 135*b + 551. Give l(-4).
-5
Let x(y) = -y**2 + 14*y - 28. Give x(11).
5
Let x(d) = 14*d - 52. What is x(-4)?
-108
Let c(b) = -b**3 - 30*b**2 - 4*b - 132. Determine c(-30).
-12
Let f(n) = -2*n**2 + 78*n - 166. Give f(33).
230
Let z(a) = a**3 - a**2 - 293*a - 91. Give z(18).
143
Let f(a) = 13*a + 185. Determine f(9).
302
Let p(x) = -x**3 + 10*x**2 - 14*x - 30. What is p(9)?
-75
Let r(m) = 4*m - 24. Give r(35).
116
Let x(o) = 166*o + 27065. Determine x(-163).
7
Let b(y) = 93*y + 1049. Calculate b(-11).
26
Let v(w) = -19*w**2 + 111*w - 108. What is v(9)?
-648
Let v(b) = 2*b**2 + 562*b - 47455. Determine v(68).
9
Let r(n) = n**3 - 117*n**2 - 1006*n + 739. Give r(125).
-11
Let k(r) = 2*r**3 - 33*r - 77. Calculate k(-3).
-32
Let r(g) = -15*g - 11. Calculate r(17).
-266
Let a(p) = 4*p**2 - 7*p - 87. What is a(8)?
113
Let t(s) = s**2 - 18*s + 61. Give t(11).
-16
Let z(p) = -2*p**3 - 7*p**2 + 306*p + 1199. Determine z(-4).
-9
Let i(g) = g**3 - 11*g**2 + 40*g - 12. Determine i(3).
36
Let k(c) = -37*c + 1788. Determine k(53).
-173
Let b(h) = h**2 + 234*h + 4083. Calculate b(-215).
-2
Let p(z) = -z**2 + 348*z + 2480. Determine p(-7).
-5
Let l(x) = 4*x**3 - 17*x**2 + 5*x + 7. Calculate l(4).
11
Let h(v) = 3*v**3 + 58*v**2 + 31*v + 233. Calculate h(-19).
5
Let s(q) = -90*q - 76. Give s(3).
-346
Let v(w) = -5*w - 180. Determine v(-7).
-145
Let k(g) = -2*g**2 - 177*g - 430. Determine k(-86).
0
Let w(t) = -51*t**2 + 95*t + 5. Give w(4).
-431
Let n(q) = q**3 - 15*q**2 + 6*q - 34. Calculate n(15).
56
Let v(q) = -7*q**2 + 191*q - 162. Determine v(26).
72
Let h(p) = -9*p**3 - p**2 - 11*p + 20. Determine h(2).
-78
Let q(g) = -7*g**3 + 59*g**2 - 129*g + 39. What is q(5)?
-6
Let i(y) = 9*y**3 + 55*y**2 - 134*y + 9. Give i(-8).
-7
Let d(k) = -2*k**2 + 68*k + 223. Give d(-3).
1
Let u(f) = -69*f - 507. What is u(-8)?
45
Let i(s) = 45*s + 2566. Determine i(-57).
1
Let o(d) = 993*d - 8952. What is o(9)?
-15
Let p(d) = d**2 + 4*d - 255. Determine p(-16).
-63
Let j(l) = -14*l**2 - 333*l - 988. Calculate j(-3).
-115
Let c(z) = 34*z + 65. Calculate c(-4).
-71
Let r(q) = -876*q - 5265. What is r(-6)?
-9
Let s(t) = -134*t - 799. Calculate s(-7).
139
Let d(s) = -92*s - 739. Give d(-8).
-3
Let v(s) = -13*s**2 - 227*s - 223. Give v(-1).
-9
Let c(d) = 4*d**2 - 176*d - 2421. Give c(-11).
-1
Let f(n) = n**3 - 6*n**2 - 9*n + 45. Determine f(-3).
-9
Let l(c) = c**2 + 105*c + 935. Calculate l(-10).
-15
Let c(w) = 80*w + 3260. Give c(-41).
-20
Let p(z) = -3*z**2 - 48*z + 66. What is p(-16)?
66
Let x(o) = -2*o**3 - 13*o**2 + 73*o + 482. What is x(-6)?
8
Let y(r) = 393*r + 49915. Give y(-127).
4
Let m(b) = -b**3 -